19844292.
2, 3, 337, 301643
List the prime factors of 13945489.
127, 109807
List the prime factors of 58878221.
1361, 43261
List the prime factors of 70510777.
257, 274361
What are the prime factors of 523496272?
2, 13, 83, 30323
List the prime factors of 519295894.
2, 13, 641, 31159
What are the prime factors of 84479325?
3, 5, 7, 37, 4349
List the prime factors of 2033466950.
2, 5, 29, 1402391
List the prime factors of 1860277512.
2, 3, 31, 67, 557
List the prime factors of 40831841.
17, 271, 8863
List the prime factors of 31093542.
2, 3, 37, 46687
What are the prime factors of 109022687?
29, 1571, 2393
List the prime factors of 648608145.
3, 5, 43240543
List the prime factors of 1757504816.
2, 3253, 33767
List the prime factors of 37672920.
2, 3, 5, 227, 461
What are the prime factors of 578526649?
19, 593, 51347
List the prime factors of 63260297.
63260297
List the prime factors of 3629977832.
2, 13, 59, 233, 2539
List the prime factors of 39270937.
191, 205607
What are the prime factors of 168671428?
2, 67, 629371
List the prime factors of 99006279.
3, 53, 127, 4903
List the prime factors of 2474659878.
2, 3, 31, 41, 324503
List the prime factors of 731105671.
2789, 262139
List the prime factors of 55127342.
2, 349, 78979
What are the prime factors of 30704348?
2, 47, 163321
List the prime factors of 57590621.
11, 193, 27127
What are the prime factors of 169581101?
37, 4583273
What are the prime factors of 181826305?
5, 17, 53, 40361
What are the prime factors of 1068779071?
79, 101, 133949
List the prime factors of 15309147.
3, 7, 607, 1201
What are the prime factors of 50981010?
2, 3, 5, 73, 23279
What are the prime factors of 1021254555?
3, 5, 68083637
What are the prime factors of 89550878?
2, 31, 37, 103, 379
What are the prime factors of 5335443010?
2, 5, 19, 43, 457, 1429
List the prime factors of 594967658.
2, 297483829
What are the prime factors of 560331399?
3, 186777133
List the prime factors of 42821082.
2, 3, 792983
What are the prime factors of 32358358?
2, 31, 557, 937
List the prime factors of 199185661.
383, 520067
List the prime factors of 542860237.
23, 23602619
What are the prime factors of 8280629?
7, 1182947
What are the prime factors of 68231923?
71, 631, 1523
What are the prime factors of 7635322?
2, 313, 12197
What are the prime factors of 1009442323?
463, 2180221
List the prime factors of 3900089501.
7, 11, 50650513
List the prime factors of 233898662.
2, 5839, 20029
List the prime factors of 40261491.
3, 17, 359, 733
What are the prime factors of 706289020?
2, 5, 35314451
List the prime factors of 73857450.
2, 3, 5, 67, 7349
What are the prime factors of 3612377462?
2, 2803, 644377
List the prime factors of 367095170.
2, 5, 13, 2823809
List the prime factors of 78753077.
13, 6057929
What are the prime factors of 111644028?
2, 3, 1033741
List the prime factors of 704092326.
2, 3, 7, 16764103
What are the prime factors of 215447992?
2, 19, 23, 61627
What are the prime factors of 42224328?
2, 3, 17, 3833
What are the prime factors of 37620073?
113, 332921
List the prime factors of 27105061.
83, 326567
What are the prime factors of 19213746?
2, 3, 73, 43867
What are the prime factors of 687387448?
2, 11, 157, 4523
List the prime factors of 137074505.
5, 27414901
List the prime factors of 164375869.
7, 23482267
List the prime factors of 4787854756.
2, 1196963689
List the prime factors of 3531414759.
3, 1177138253
What are the prime factors of 7517842921?
431, 2341, 7451
What are the prime factors of 38826457?
38826457
List the prime factors of 144535233.
3, 1481, 32531
List the prime factors of 88547051.
61, 499, 2909
What are the prime factors of 470990976?
2, 3, 1226539
List the prime factors of 749069549.
41, 2659, 6871
List the prime factors of 1777608022.
2, 53, 16769887
List the prime factors of 168594443.
43, 107, 36643
List the prime factors of 121206644.
2, 13, 419, 5563
What are the prime factors of 3094637734?
2, 29, 251, 212573
List the prime factors of 36888565.
5, 7, 1053959
List the prime factors of 393245267.
393245267
List the prime factors of 3880318145.
5, 11, 179, 35831
List the prime factors of 167763250.
2, 5, 353, 1901
List the prime factors of 1632354341.
1632354341
What are the prime factors of 264082710?
2, 3, 5, 19, 463303
What are the prime factors of 36302728?
2, 7, 11, 8419
What are the prime factors of 135617522?
2, 23, 2948207
List the prime factors of 4168740304.
2, 260546269
List the prime factors of 7077021906.
2, 3, 17293, 68207
List the prime factors of 94284055.
5, 1039, 18149
List the prime factors of 3856951451.
3856951451
List the prime factors of 38412182.
2, 29, 181, 3659
What are the prime factors of 44378074?
2, 13, 1706849
List the prime factors of 47057341.
47057341
List the prime factors of 32485979.
53, 71, 89, 97
List the prime factors of 126714700.
2, 5, 7, 157, 1153
List the prime factors of 59069285.
5, 11, 601, 1787
What are the prime factors of 237636752?
2, 269, 55213
List the prime factors of 41135310.
2, 3, 5, 131, 1163
List the prime factors of 274082095.
5, 7, 7830917
List the prime factors of 2532053631.
3, 844017877
List the prime factors of 698670497.
7, 331, 911
List the prime factors of 201499051.
13, 41, 257, 1471
List the prime factors of 595969313.
1811, 329083
List the prime factors of 4068650944.
2, 1409, 45119
List the prime factors of 105048657.
3, 7, 61757
List the prime factors of 6510278172.
2, 3, 1361, 398621
What are the prime factors of 26762596?
2, 7, 955807
What are the prime factors of 52931099?
13, 277, 14699
List the prime factors of 201640286.
2, 100820143
List the prime factors of 778291769.
778291769
List the prime factors of 920114120.
2, 5, 17, 739, 1831
List the prime factors of 6945351556.
2, 11, 13, 157, 77339
List the prime factors of 117484219.
349, 336631
List the prime factors of 1546216809.
3, 29, 977, 18191
What are the prime factors of 910508453?
4057, 224429
List the prime factors of 411061960.
2, 5, 19, 540871
List the prime factors of 444531072.
2, 3, 31, 107, 349
List the prime factors of 4630884426.
2, 3, 7, 67, 182851
List the prime factors of 2690823673.
199, 13521727
What are the prime factors of 3249404229?
3, 1083134743
List the prime factors of 5912933131.
7, 821, 1028873
List the prime factors of 268964525.
5, 31, 347051
List the prime factors of 1422528562.
2, 7, 13, 7816091
What are the prime factors of 1827272668?
2, 13, 35139859
List the prime factors of 151443929.
7, 13, 983, 1693
List the prime factors of 24352250.
2, 5, 13, 59, 127
What are the prime factors of 1686684339?
3, 3929, 47699
List the prime factors of 51214844.
2, 659, 19429
What are the prime factors of 980820785?
5, 7, 2843, 9857
List the prime factors of 44394841.
41, 1082801
List the prime factors of 69837639.
3, 23279213
What are the prime factors of 384581977?
13, 2275633
What are the prime factors of 1790371434?
2, 3, 29, 109, 94399
List the prime factors of 1794882988.
2, 448720747
What are the prime factors of 16617989?
19, 227, 3853
What are the prime factors of 287767899?
3, 29, 53, 71, 293
List the prime factors of 21391696.
2, 367, 3643
What are the prime factors of 183207006?
2, 3, 19, 23, 23291
List the prime factors of 19357943.
11, 157, 1019
What are the prime factors of 209030068?
2, 13, 4019809
What are the prime factors of 67058147?
13, 181, 28499
What are the prime factors of 1087184943?
3, 13, 238261
What are the prime factors of 4603024013?
7, 657574859
List the prime factors of 42041229.
3, 43, 325901
What are the prime factors of 950814236?
2, 237703559
What are the prime factors of 463463729?
463463729
What are the prime factors of 34328996?
2, 13, 509, 1297
List the prime factors of 134938736.
2, 8433671
List the prime factors of 96155701.
41, 2345261
What are the prime factors of 136793543?
17, 1783, 4513
What are the prime factors of 223371788?
2, 1033, 54059
What are the prime factors of 130113331?
2837, 45863
List the prime factors of 119266813.
1163, 102551
What are the prime factors of 798345964?
2, 13, 131, 163, 719
What are the prime factors of 444655825?
5, 17, 37, 28277
What are the prime factors of 17581421?
11, 13, 11177
List the prime factors of 2827947653.
41, 47, 1467539
List the prime factors 